{"id":268,"date":"2018-10-30T18:48:54","date_gmt":"2018-10-31T00:48:54","guid":{"rendered":"http:\/\/www.parianeldongu.com\/?page_id=268"},"modified":"2020-06-20T13:27:01","modified_gmt":"2020-06-20T18:27:01","slug":"politica-de-privacidad","status":"publish","type":"page","link":"https:\/\/www.parianeldongu.com\/?page_id=268","title":{"rendered":"Pol\u00edtica de privacidad"},"content":{"rendered":"\t\t<div data-elementor-type=\"wp-page\" data-elementor-id=\"268\" class=\"elementor elementor-268\">\n\t\t\t\t\t\t<section class=\"elementor-section elementor-top-section elementor-element elementor-element-4358ca0a elementor-section-boxed elementor-section-height-default elementor-section-height-default\" data-id=\"4358ca0a\" data-element_type=\"section\">\n\t\t\t\t\t\t<div class=\"elementor-container elementor-column-gap-default\">\n\t\t\t\t\t<div class=\"elementor-column elementor-col-100 elementor-top-column elementor-element elementor-element-4c2109f8\" data-id=\"4c2109f8\" data-element_type=\"column\">\n\t\t\t<div class=\"elementor-widget-wrap elementor-element-populated\">\n\t\t\t\t\t\t<div class=\"elementor-element elementor-element-54f0dad5 elementor-widget elementor-widget-text-editor\" data-id=\"54f0dad5\" data-element_type=\"widget\" data-widget_type=\"text-editor.default\">\n\t\t\t\t<div class=\"elementor-widget-container\">\n\t\t\t\t\t\t\t\t\t<p>DONGU S.A. DE C.V. (Hacienda del Pari\u00e1n) con Domicilio en Carretera Mexico Toluca km 46, Col. La Piedra, Ocoyoacac, Estado de Mexico, C.P. 52740,\u00a0 es el responsable del uso y protecci\u00f3n de sus datos personales y al respecto se le informa lo siguiente<\/p><p><strong>\u00bfPara que fines utilizaremos sus datos personales?<\/strong><\/p><p>Los datos personales que recabamos de usted, los utilizaremos para las siguientes finalidades que son necesarias para la prestaci\u00f3n de nuestros servicios y el desarrollo de nuestras actividades:<\/p><p>FINALIDADES PRIMARIAS: Proveerle un servicio; \u00a0organizar todos los aspectos inherentes al evento o servicio contratado en Hacienda del Pari\u00e1n;\u00a0 Facturaci\u00f3n y cobranza\u00a0<\/p><p>De manera adicional, utilizaremos su informaci\u00f3n personal para las siguientes finalidades que no son necesarias para el servicio solicitado, pero que nos permiten y facilitan brindarle una mejor atenci\u00f3n:<\/p><p>FINALIDADES SECUNDARIAS: Realizar actividades de mercadeo y promoci\u00f3n en general; realizar an\u00e1lisis estad\u00edsticos y estudios de calidad interno; Noticias Gastron\u00f3micas. Publicidad y Promociones. Env\u00edo de invitaciones a nuestros eventos y avisos publicitarios. Regalos. Llenado de encuestas de Satisfacci\u00f3n de Cliente. Fines estad\u00edsticos y de an\u00e1lisis interno; mantener comunicaci\u00f3n en general, as\u00ed como dar seguimiento a nuestra relaci\u00f3n comercial.<\/p><p><em>En caso de que no desee que sus datos personales sean tratados para estos fines adicionales, usted puede presentar desde este momento un escrito en esta sucursal, manifestando lo anterior.<\/em><\/p><p><em>La negativa para el uso de sus datos personales para estas finalidades no podr\u00e1 ser un motivo para que le neguemos los servicios y productos que solicita o contrata con nosotros.<\/em><\/p><p><strong>\u00bfQu\u00e9 datos personales recabamos y utilizamos sobre usted?<\/strong><br \/>Para llevar a cabo las finalidades descritas en el presente aviso de privacidad, utilizaremos los siguientes datos personales: nombre completo, edad; sexo; domicilio; tel\u00e9fono y correo electr\u00f3nico particulares; firma aut\u00f3grafa; fotograf\u00eda; empleo actual; n\u00famero telef\u00f3nico y correo electr\u00f3nico laborales, y n\u00famero de tarjeta de cr\u00e9dito.<\/p><p>Son los datos personales de identificaci\u00f3n proporcionados por Usted de manera personal o directa, a trav\u00e9s de cualquier medio de contacto y\/o foro p\u00fablico de conexi\u00f3n en l\u00ednea. Los datos personales que recaba Hacienda del Par\u00edan son\u00a0 nombre completo, domicilio, correo electr\u00f3nico, tel\u00e9fono (local y\/o m\u00f3vil), Registro Federal de Contribuyentes, domicilio fiscal y otros datos de contacto, as\u00ed como de facturaci\u00f3n y cobranza.<\/p><p>En Hacienda del Pari\u00e1n no recaba ni trata datos personales sensibles; entendi\u00e9ndose como tal: aquellos Datos Personales que afecten a la esfera m\u00e1s \u00edntima de su Titular, o cuya utilizaci\u00f3n indebida pueda dar origen a discriminaci\u00f3n o conlleve un riesgo grave para \u00e9ste. En particular, se consideran sensibles aquellos que puedan revelar aspectos como origen racial o \u00e9tnico, estado de salud pasado, presente y futuro, informaci\u00f3n gen\u00e9tica, creencias religiosas, filos\u00f3ficas y morales, afiliaci\u00f3n sindical, opiniones pol\u00edticas, preferencia sexual.<\/p><p><strong>\u00bfCon qui\u00e9n compartimos su informaci\u00f3n personal y para qu\u00e9 fines? <\/strong><\/p><p>Le informamos que sus Datos Personales son compartidos, dentro del pa\u00eds con las siguientes personas, empresas, organizaciones y autoridades distintas a nosotros, para los siguientes fines:<\/p><p>Proveedor de Servicios de base de Datos por medio electr\u00f3nico, Encuestas Electr\u00f3nicas. Autoridades Locales, Estatales y Federales, as\u00ed como dependencias P\u00fablicas diversas y las que indique la ley, para el cumplimiento de obligaciones que indique la ley, banco para realizar el cobro de nuestros servicios con tarjeta de cr\u00e9dito y\/o d\u00e9bito.<\/p><p>Consiento y autorizo que mis Datos Personales sean tratados y transferidos conforme a lo previsto en el presente Aviso de Privacidad.<\/p><p>Si usted no manifiesta su negativa para dichas transferencias, entenderemos que nos lo ha otorgado.<\/p><p>SOLICITUD DE ACCESO, RECTIFICACI\u00d3N, CANCELACI\u00d3N U OPOSICI\u00d3N DE DATOS PERSONALES Y REVOCACI\u00d3N DEL CONSENTIMIENTO (SOLICITUD ARCO)<\/p><p>Todos sus datos personales son tratados de acuerdo a la legislaci\u00f3n aplicable y vigente en el pa\u00eds, por ello le informamos que usted o su representante legal, tiene en todo momento el derecho de acceder, rectificar, cancelar u oponerse al tratamiento que le damos a sus datos personales, as\u00ed como revocar el consentimiento otorgado para el tratamiento de los mismos; derecho que podr\u00e1 hacer valer a trav\u00e9s del correo electr\u00f3nico: info@parianeldongu.com, a trav\u00e9s del cual se le atender\u00e1 en tiempo y forma.<\/p><p>Usted puede revocar el consentimiento que, en su caso, nos haya otorgado para el tratamiento de sus datos personales. Sin embargo, es importante que tenga en cuenta que no en todos los casos podremos atender su solicitud o concluir el uso de forma inmediata, ya que es posible que por alguna obligaci\u00f3n legal requiramos seguir tratando sus datos personales. Asimismo, usted deber\u00e1 considerar que para ciertos fines, la revocaci\u00f3n de su consentimiento implicar\u00e1 que no le podamos seguir prestando el servicio que nos solicit\u00f3, o la conclusi\u00f3n de su relaci\u00f3n con nosotros.<\/p><p>Para que Hacienda del Parian pueda darle seguimiento a su solicitud, usted o su representante legal, deber\u00e1 acreditar correctamente su identidad a trav\u00e9s de los documentos de acreditaci\u00f3n que correspondan para\u00a0 cada caso en espec\u00edfico, de lo contrario, Hacienda del Parian no se ver\u00e1 obligada a formalizar su solicitud, pues es intenci\u00f3n de Hacienda del Pari\u00e1n preservar los datos personales en todo momento.<\/p><p>Hacienda del Pari\u00e1n le comunicar\u00e1 la determinaci\u00f3n adoptada, en un plazo m\u00e1ximo de veinte (20) d\u00edas h\u00e1biles contados desde la fecha en que se recibi\u00f3 la solicitud, a efecto de que, si resulta procedente, haga efectiva la misma dentro de los quince (15) d\u00edas h\u00e1biles siguientes a que se comunique la respuesta. La respuesta se dar\u00e1 v\u00eda electr\u00f3nica a la direcci\u00f3n de correo que nos proporcione al momento de presentar su solicitud.<\/p><p><strong>El uso de tecnolog\u00edas de rastreo en nuestro portal de Internet<\/strong><br \/>Le informamos que en nuestra p\u00e1gina de Internet utilizamos\u00a0<em>cookies<\/em>,\u00a0<em>web beacons<\/em>\u00a0y otras tecnolog\u00edas a trav\u00e9s de las cuales es posible monitorear su comportamiento como usuario de Internet, as\u00ed como brindarle un mejor servicio y experiencia de usuario al navegar en nuestra p\u00e1gina.<\/p><p>Los datos personales que obtenemos de estas tecnolog\u00edas de rastreo son los siguientes:\u00a0<strong><em>[descripci\u00f3n de datos personales],<\/em><\/strong>\u00a0mismos que utilizamos para\u00a0<strong><em>[descripci\u00f3n de finalidades].<\/em><\/strong>\u00a0Asimismo, le informamos que compartiremos estos datos con:<\/p><table><tbody><tr><td width=\"252\"><p><strong>Destinatario de los datos personales<\/strong><\/p><\/td><td width=\"145\"><p><strong>Pa\u00eds<\/strong><br \/><strong><em>(opcional)<\/em><\/strong><\/p><\/td><td width=\"234\"><p><strong>Finalidad<\/strong><\/p><\/td><\/tr><tr><td width=\"252\"><p><strong><em>Nombre del tercero receptor o sector al que pertenece<\/em><\/strong><\/p><\/td><td width=\"145\"><p><strong><em>\u00a0<\/em><\/strong><\/p><\/td><td width=\"234\"><p><strong><em>Descripci\u00f3n de la finalidad<\/em><\/strong><\/p><\/td><\/tr><tr><td width=\"252\"><p><strong><em>Nombre del tercero receptor o sector al que pertenece<\/em><\/strong><\/p><\/td><td width=\"145\"><p><strong><em>\u00a0<\/em><\/strong><\/p><\/td><td width=\"234\"><p><strong><em>Descripci\u00f3n de la finalidad<\/em><\/strong><\/p><\/td><\/tr><tr><td width=\"252\"><p><strong><em>Nombre del tercero receptor o sector al que pertenece<\/em><\/strong><\/p><\/td><td width=\"145\"><p><strong><em>\u00a0<\/em><\/strong><\/p><\/td><td width=\"234\"><p><strong><em>Descripci\u00f3n de la finalidad<\/em><\/strong><\/p><\/td><\/tr><\/tbody><\/table><p>Estas tecnolog\u00edas podr\u00e1n deshabilitarse siguiendo los siguientes pasos:\u00a0<strong><em>[descripci\u00f3n del procedimiento]<\/em>.<\/strong><\/p><p>Para mayor informaci\u00f3n sobre el uso de estas tecnolog\u00edas, puede consultar el sitio de Internet [&#8230;]<\/p><p>\u00a0<\/p><p>MODIFICACIONES AL AVISO DE PRIVACIDAD<\/p><p>Este aviso de privacidad podr\u00e1 ser modificado de tiempo en tiempo por Hacienda del Pari\u00e1n. Dichas modificaciones ser\u00e1n oportunamente informadas a trav\u00e9s de nuestra p\u00e1gina en internet www. parianeldongu.com.\u00a0 o cualquier otro medio de comunicaci\u00f3n oral, impreso o electr\u00f3nico que OVM determine para tal efecto.<\/p><p>\u00a0<\/p><p>\u00a0<\/p>\t\t\t\t\t\t\t\t<\/div>\n\t\t\t\t<\/div>\n\t\t\t\t\t<\/div>\n\t\t<\/div>\n\t\t\t\t\t<\/div>\n\t\t<\/section>\n\t\t\t\t<\/div>\n\t\t","protected":false},"excerpt":{"rendered":"<p>DONGU S.A. DE C.V. (Hacienda del Pari\u00e1n) con Domicilio en Carretera Mexico Toluca km 46,&hellip;<\/p>\n","protected":false},"author":1,"featured_media":0,"parent":0,"menu_order":0,"comment_status":"closed","ping_status":"closed","template":"","meta":{"footnotes":""},"jetpack_sharing_enabled":true,"jetpack_shortlink":"https:\/\/wp.me\/PagbYn-4k","jetpack_likes_enabled":true,"_links":{"self":[{"href":"https:\/\/www.parianeldongu.com\/index.php?rest_route=\/wp\/v2\/pages\/268"}],"collection":[{"href":"https:\/\/www.parianeldongu.com\/index.php?rest_route=\/wp\/v2\/pages"}],"about":[{"href":"https:\/\/www.parianeldongu.com\/index.php?rest_route=\/wp\/v2\/types\/page"}],"author":[{"embeddable":true,"href":"https:\/\/www.parianeldongu.com\/index.php?rest_route=\/wp\/v2\/users\/1"}],"replies":[{"embeddable":true,"href":"https:\/\/www.parianeldongu.com\/index.php?rest_route=%2Fwp%2Fv2%2Fcomments&post=268"}],"version-history":[{"count":4,"href":"https:\/\/www.parianeldongu.com\/index.php?rest_route=\/wp\/v2\/pages\/268\/revisions"}],"predecessor-version":[{"id":436,"href":"https:\/\/www.parianeldongu.com\/index.php?rest_route=\/wp\/v2\/pages\/268\/revisions\/436"}],"wp:attachment":[{"href":"https:\/\/www.parianeldongu.com\/index.php?rest_route=%2Fwp%2Fv2%2Fmedia&parent=268"}],"curies":[{"name":"wp","href":"https:\/\/api.w.org\/{rel}","templated":true}]}}